 10. Let m be t(5). Suppose 2*v = -m*v + 46. Is 4 a factor of v?
False
Let i(h) = h - 3 - 5 + 3 - 6. Does 4 divide i(15)?
True
Suppose 1128 = 10*w - 2*w. Let c = 210 - w. Is c a multiple of 10?
False
Let k be 30/4*12/9. Suppose -2*c + k = 5*x, -5*c - 2*x - 7 = -32. Suppose 5*f - 32 = -3*p, 0*f - c*f - 4*p = -31. Does 7 divide f?
True
Let q = -3398 + 5080. Does 58 divide q?
True
Let g(q) = 3*q**2 + q + 80. Does 66 divide g(-18)?
False
Suppose -2*o = 2 - 6. Suppose 0*a + 3*a - 96 = -o*n, -a + 32 = -3*n. Is a a multiple of 8?
True
Does 15 divide ((-222)/(-185))/((-2 - 0)/(-600))?
True
Let b(q) = -5*q - 1. Let z(h) = 3*h + 5. Let k be z(-4). Let t be (-2)/k + 102/(-14). Is b(t) a multiple of 17?
True
Let i = -462 + 649. Does 11 divide i?
True
Let q be 10*(8 - -2 - -1). Let v = q - 59. Is 12 a factor of v?
False
Suppose 0 = -0*m + 5*m + 80. Let d = m + 40. Is d a multiple of 3?
True
Let a be (-3)/(2 - (-1580)/(-784)). Suppose -4*s = -4*d + a, 4*d + 0*d - 206 = -s. Is d a multiple of 3?
True
Let q = -1966 + 3316. Is 30 a factor of q?
True
Suppose 750 = 4*a + 5*x, -a = -3*x + 85 - 264. Let h = -132 + a. Suppose 5*g - h = k, 5*k - 25 + 90 = 5*g. Is g a multiple of 2?
True
Let v(s) = 3*s**3 - 53*s**2 - 48*s + 21. Let q(l) = -l**3 + 26*l**2 + 24*l - 11. Let i(z) = -5*q(z) - 2*v(z). Is i(-23) a multiple of 10?
False
Suppose 3*q - p - 10311 = 0, 9*q = 5*q + 5*p + 13759. Is q a multiple of 136?
False
Let j = -25 - 23. Let g = 111 + j. Let k = g + -31. Does 16 divide k?
True
Suppose -k + 500 = 50. Is 45 a factor of k?
True
Let l = -12 + 12. Suppose -4*g + 21 = 3*d - 13, l = -3*d + 6. Suppose -z - g = -o, 2*z = -o + z + 3. Does 5 divide o?
True
Let x(q) = -q**2 + 10*q - 23. Let y be x(6). Does 10 divide 15*(0 - y)/(7/(-14))?
True
Let a(f) be the third derivative of 19*f**6/30 - f**5/30 + f**3/6 + f**2. Is a(1) a multiple of 19?
False
Suppose -3*t - 11 = 22. Let s = t + 21. Suppose 0 = 5*y - s*y + 115. Is 13 a factor of y?
False
Let d = 403 - 235. Is d a multiple of 18?
False
Let p = 45 - 43. Is 4 + 32 + (p + 1)/3 a multiple of 37?
True
Suppose 0 = 3*b - 157 - 59. Suppose -4*k - 2*c - 2*c + b = 0, -52 = -3*k - 5*c. Does 10 divide k?
False
Let s(c) = 3*c - 4*c - 2 + 17*c**2 - 6*c + 12*c**2. Is 20 a factor of s(2)?
True
Let u(v) = v**2 - 4*v + 6. Let m be 0 + (1 - (3 - 4)). Let a be (-1)/(m - (-26)/(-12)). Is 16 a factor of u(a)?
False
Suppose -4*f - 3*i + 41 = 2*i, f - i + 1 = 0. Suppose 2*c - 188 = -4*g, -3*c + 2*c = f*g - 92. Is 27 a factor of c?
False
Let g(f) = 12*f. Let k be g(6). Suppose o + 2*o - k = 0. Is 8 a factor of o?
True
Let r(y) = -4*y**3 + 25*y**2 - 27*y - 30. Let t(s) = s**3 - 8*s**2 + 9*s + 10. Let m(d) = 2*r(d) + 7*t(d). Let h be m(-7). Is 22 a factor of 7*h/3*-6?
False
Suppose 2*x - 4*x - 10 = 0. Let w(r) = -r**3 - 5*r**2 - r - 7. Let j be w(x). Is 6 a factor of j/3*39/(-2)?
False
Let l = 51 + -36. Is (-12)/l*(2 - 147/6) a multiple of 3?
True
Suppose -196*s = -189*s - 2849. Does 18 divide s?
False
Suppose -8*v = -3*v + 105. Let f = 22 + v. Is f*76*7/28 a multiple of 11?
False
Let n(a) = -2*a**3 + 3*a**2 - 9*a + 10. Is 14 a factor of n(-9)?
True
Let d be (1 + (-10)/(-4))*(7 + -5). Suppose -113 - 797 = -d*n. Does 26 divide n?
True
Suppose -8*i + 951 = -3*i + 2*o, -5*i - 3*o = -954. Is 9 a factor of i?
True
Let w(v) = -v**3 + 22*v**2 + 22*v + 6. Let u be w(22). Suppose -4*h = -u - 254. Is h a multiple of 9?
False
Let u(o) = o**3 + 5*o**2 + 2*o + 10. Let l(p) = 2*p**3 + p**2 + p + 1. Let x(q) = l(q) - u(q). Is 3 a factor of x(5)?
False
Let p(l) = 28*l - 196. Does 15 divide p(22)?
True
Let o be 4/(-2 - (-500)/248). Suppose -v = 5*y - 24 - 38, 2*y - o = -4*v. Suppose 3*s - 34 = 2*i, -5*i = 2*s + s - v. Is 14 a factor of s?
True
Is 100 a factor of ((-208)/156)/((-8)/20826)?
False
Let q(o) = 93*o - 1. Let i(r) = r**3 - 5*r**2 - 4*r - 11. Suppose 5*u - 13 - 17 = 0. Let k be i(u). Does 10 divide q(k)?
False
Let b(m) = -70*m + 1. Does 9 divide b(-5)?
True
Let w(g) = -g**3 + 5*g**2 + 8*g - 8. Let t be w(6). Suppose -t*d - 20 = -5*d. Does 2 divide d?
True
Suppose 3*w - 2 - 1 = -3*m, -2 = m. Let b be 4430/85 - (-6)/(-51). Suppose -w*v + 4*i = -b, -5*i + 5 = v - 25. Does 12 divide v?
False
Let o(a) = 4*a - 16. Let k be o(5). Suppose k*w - 131 + 23 = 0. Suppose -4*q = w - 83. Is q a multiple of 7?
True
Let q = 451 + -272. Does 57 divide q?
False
Let l(w) = -w**3 + 20*w**2 - 53*w + 4. Is l(5) even?
True
Let i(a) = -a**3 - 8*a**2 + 17*a - 23. Let w be i(-10). Suppose -w*b + 68 = -2. Does 5 divide b?
True
Suppose -4*g + c + 22 = 6*c, 2 = c. Suppose 0*z + z - 410 = -5*p, -g*z + 151 = 2*p. Is p a multiple of 30?
False
Let n(w) = -w**3 + 9*w**2 - 7*w. Let u be n(8). Let o(b) = -10*b + 10 + 8 + 3972*b**2 + 2 - 3971*b**2. Is o(u) a multiple of 3?
False
Suppose -2*k = 3*x + 24, 2*k - 4*x - 53 = 7*k. Let v be (-28)/(-6) - (-6)/k. Suppose 2*c = v*o - 140 + 12, 4*c = -2*o + 74. Does 15 divide o?
False
Let t = -182 + 338. Suppose -5*r + 2*r = 0, 3*r = 4*a - t. Is 13 a factor of a?
True
Let m = -10 + 81. Let w = 27 + -15. Suppose -h = 2*h - w, 5*y - h = m. Is y a multiple of 14?
False
Suppose -3*x = 4*h - 3314, -12*h + 7*h = -x + 1130. Is 10 a factor of x?
True
Let b(f) = -f**3 + 6*f**2 - f - 4. Let r be b(4). Let o = 41 - r. Let d = 41 - o. Is 24 a factor of d?
True
Let o = 614 - 543. Is 3 a factor of o?
False
Suppose -4*w - 9 = -17. Suppose -3*h + 69 = -t, -w*h + t = -0*h - 47. Is h a multiple of 11?
True
Suppose -3*m = -2*z - 4201, 0 = -5*z - 3*m + 4*m - 10535. Is (-3)/(-5) + z/(-20) a multiple of 11?
False
Let t(p) = 9*p + 1. Let m be t(11). Suppose -5*d - m = -275. Is d a multiple of 9?
False
Let v(h) = 4*h**2 + 9*h - 5. Let l(r) = -6*r + 7. Let p be l(2). Does 12 divide v(p)?
False
Suppose -4*w = -5*o + 236, -2*w - 6 = 2. Let r = o - -88. Is 33 a factor of r?
True
Let j = 15 + -8. Suppose -4*l - 3*v + 3 = 0, -l + v - 1 = -j. Suppose -l*y + 6*y = 60. Is y a multiple of 13?
False
Let r(b) = 33*b**3 - 9*b**2 - 10*b + 19. Is r(3) a multiple of 40?
False
Let h = -42 + 44. Suppose -171 = -h*j - 5*a, -3*j - 4*a + 156 = -104. Is j a multiple of 11?
True
Let n = 15 - 12. Let d(c) = 0*c + 2*c - n*c + 1 + 4*c**2 - 3*c**2. Is 13 a factor of d(-3)?
True
Suppose 5 = x, -d - 2*d - 3*x = -228. Let m be ((-576)/(-144))/(-2*2/(-4)). Suppose 3*j - j - 46 = -m*w, -2*j + d = -w. Does 11 divide j?
True
Let b(r) = -52*r**3 + r**2 - 1. Let x = -11 + 10. Let z be b(x). Is 14 a factor of z/(-4*(-2)/8)?
False
Suppose -3*o = 4*m - 350, -452 = -4*o + 2*m - 0*m. Suppose -o - 9 = -3*z. Does 5 divide z?
False
Suppose 2*v + 0*n - 5*n = 207, n = -5. Let j = 136 - v. Does 12 divide j?
False
Suppose 98 = -0*h + 2*h. Is 23 a factor of h?
False
Is 1001/42 - 6 - (-1)/6 a multiple of 4?
False
Is (1 + 555/25)*(-125)/(-10) a multiple of 10?
True
Let r(q) = 2*q + 72. Is r(20) a multiple of 20?
False
Suppose 0 = k - 96 - 34. Is 13 a factor of ((-18)/(-15))/(3/k)?
True
Let u = 84 - -170. Does 15 divide u?
False
Let u be (22/(-8))/(1/8). Let z = 3 - u. Is 4 a factor of z?
False
Let w = 812 - 384. Is w a multiple of 15?
False
Let z = -2144 - -2354. Does 7 divide z?
True
Suppose r = -12*m + 16*m + 2287, -2*r + 4610 = 4*m. Is r a multiple of 121?
True
Let r be (-3)/(-1)*(-24)/(-18). Does 20 divide 42 + (r/4 - 3)?
True
Suppose 1746 = 3*i - 1521. Is i a multiple of 42?
False
Let y = -2225 + 4199. Is y a multiple of 20?
False
Let a(o) = -o**2 - 8*o + 13. Let d be a(-9). Does 23 divide (3*92/6)/(2/d)?
True
Let f(v) = 3*v**2 - 37*v - 18. Is f(-11) a multiple of 16?
True
Let v(u) = 2*u**3 - 2*u**2 - 5*u + 6. Let l be v(2). Suppose -4*p + l*o = -1312, 324 + 330 = 2*p - 4*o. Is p a multiple of 27?
False
Let b(l) = -5*l + 7. Let m(d) = 4*d - 7. Let y(a) = -5*b(a) - 6*m(a). Suppose 2*w + 3 - 17 = 0. Is 4 a factor of y(w)?
False
Let r(t) = 5*t - 11 - 5*t + t. Let f be r(7). Let n(c) = 3*c**2 - 3*c - 6. Is 16 a factor of n(f)?
False
Let c(n) = -5*n. Let f = -12 - -10. Let p be c(f). Suppose x + p - 46 = 0. Is 9 a factor of x?
True
Let w = -46 - 11. Let k = 225 + w. Is 12 a factor of (k/(-20))/(1/(-5))?
False
Let a(o) = -3*o**2 + 19*o + 10. Let w(b) = -b + 16. Let j be w(10). Is a(j) a multiple of 2?
True
Let a(j) = 3*j**2 + 25*j - 18. Let d(p) be the first derivative of 4*p**3/3 + 37*p**2/2 - 27*p - 3. Let c(v) = -7*a(